{"id":67,"date":"2021-12-19T18:36:14","date_gmt":"2021-12-19T17:36:14","guid":{"rendered":"http:\/\/hezsbqk.cluster031.hosting.ovh.net\/?page_id=67"},"modified":"2022-05-02T14:58:46","modified_gmt":"2022-05-02T12:58:46","slug":"lequipage","status":"publish","type":"page","link":"https:\/\/www.ar-men29.fr\/index.php\/lequipage\/","title":{"rendered":"L&rsquo;EQUIPAGE"},"content":{"rendered":"\n<figure class=\"wp-block-image size-large is-resized\"><img loading=\"lazy\" decoding=\"async\" src=\"https:\/\/www.ar-men29.fr\/wp-content\/uploads\/2022\/01\/cropped-IMG_1006-scaled-4-768x1024.jpg\" alt=\"\" class=\"wp-image-527\" width=\"368\" height=\"490\" srcset=\"https:\/\/www.ar-men29.fr\/wp-content\/uploads\/2022\/01\/cropped-IMG_1006-scaled-4-768x1024.jpg 768w, https:\/\/www.ar-men29.fr\/wp-content\/uploads\/2022\/01\/cropped-IMG_1006-scaled-4-225x300.jpg 225w, https:\/\/www.ar-men29.fr\/wp-content\/uploads\/2022\/01\/cropped-IMG_1006-scaled-4-1152x1536.jpg 1152w, https:\/\/www.ar-men29.fr\/wp-content\/uploads\/2022\/01\/cropped-IMG_1006-scaled-4-1536x2048.jpg 1536w, https:\/\/www.ar-men29.fr\/wp-content\/uploads\/2022\/01\/cropped-IMG_1006-scaled-4.jpg 1920w\" sizes=\"auto, (max-width: 368px) 100vw, 368px\" \/><\/figure>\n\n\n<div class=\"style-363 style-local-67-c1 position-relative\" data-colibri-id=\"67-c1\">\n<h1>Le Capitaine<\/h1>\n<p><\/p>\n<div id=\"custom\" class=\"h-section h-section-global-spacing d-flex align-items-lg-center align-items-md-center align-items-center style-481 style-local-67-c7 position-relative\" data-colibri-component=\"section\" data-colibri-id=\"67-c7\">\n<div class=\"h-section-grid-container h-section-boxed-container\">\n<div class=\"h-row-container gutters-row-lg-2 gutters-row-md-2 gutters-row-0 gutters-row-v-lg-2 gutters-row-v-md-2 gutters-row-v-2 style-505 style-local-67-c17 position-relative\" data-colibri-id=\"67-c17\">\n<div class=\"h-row justify-content-lg-center justify-content-md-center justify-content-center align-items-lg-stretch align-items-md-stretch align-items-stretch gutters-col-lg-2 gutters-col-md-2 gutters-col-0 gutters-col-v-lg-2 gutters-col-v-md-2 gutters-col-v-2\">\n<div class=\"h-column h-column-container d-flex h-col-lg-auto h-col-md-auto h-col-auto style-506-outer style-local-67-c18-outer\">\n<div class=\"d-flex h-flex-basis h-column__inner h-px-lg-2 h-px-md-2 h-px-2 v-inner-lg-2 v-inner-md-2 v-inner-2 style-506 style-local-67-c18 position-relative\" data-colibri-id=\"67-c18\">\n<div class=\"w-100 h-y-container h-column__content h-column__v-align flex-basis-100 align-self-lg-start align-self-md-start align-self-start\">\n<div class=\"d-block style-484 style-local-67-c10 position-relative h-element\" data-colibri-id=\"67-c10\">\n<div class=\"h-image__frame-container-outer\" data-wp-editing=\"1\">\n<div class=\"h-image__frame-container\">&nbsp;<\/div>\n<div style=\"text-align: center;\">&nbsp;<\/div>\n<div class=\"h-image__frame-container\" style=\"text-align: center;\"><strong><span style=\"font-size: revert;\">Enfant il regardait passer les bateaux et r\u00eavait de naviguer. C&rsquo;est une annonce en 1990 de vente de bateau qu&rsquo;il a rencontr\u00e9 Jacques. Les navigations sur le first 42 de Jacques et la lecture des Gl\u00e9nans ont form\u00e9 le capitaine. En 1994 <\/span><\/strong><strong style=\"font-size: revert;\">le travail de Bernadette l&#8217;emm\u00e8ne en Bretagne pr\u00e8s de Lorient. Encourager par Jacques il se lance dans la navigation c\u00f4ti\u00e8re apr\u00e8s de bonnes notions hauturi\u00e8res.<\/strong><p><\/p>\n<\/div>\n<\/div>\n<\/div>\n<div class=\"h-text h-text-component style-490 style-local-67-c19 position-relative h-element\" style=\"text-align: center;\" data-colibri-id=\"67-c19\">\n<div class=\"\">\n<p><strong>Patrice troque son travail contre un bateau de 5m et une place au port. Il se lance. Au bout d&rsquo;un an il change pour un petit voilier : un Daimio 7m. Il embarque femme et enfant et des aventures \u00e0 Sauzon dans l&rsquo;anse de Pen Prat sur <\/strong><strong>Belle \u00eele et des week-end \u00e0 Groix surtout en arri\u00e8re saison, le port de Do\u00eblan les conquis. Mais Tahaa est trop petit.<\/strong><\/p>\n<p><strong>1998 Patrice \u00e9quipier sur Hipanema le voilier de Jacques participe \u00e0 la course des Hortensias. D\u00e9part d&rsquo;Etel direction Les A\u00e7ores \u00e0 Horta sur l&rsquo;ile de Faial.<\/strong><\/p>\n<p><strong>En 1999 il trouve au Mille Sabords un Comet 8m50. Les navigation avec Horta s&rsquo;allongent entre Rochefort en Mer , l&rsquo;Aber Wrach, Ouesssant. L&rsquo;hivers c&rsquo;est Groix et les copains de mer, les rencontres. C&rsquo;est la pr\u00e9paration de l&rsquo;examen <\/strong><strong>hauturier avec Jo. Mais malheureusement il faut le permis c\u00f4tier et Patrice n&rsquo;a que la carte Mer. Tout en apportant des am\u00e9liorations en instruments de navigation sur Horta il navigue avec sa petite famille et les amis de Mer. Patrice <\/strong><strong>forme Bernadette.<\/strong><\/p>\n<p><strong>2006 il devient propri\u00e9taire d&rsquo;un course croisi\u00e8re un first 345 de 11m. Herv\u00e9 le vendeur devient un ami. Puis Horta est vendu au Mille sabords. Tan Oz permet de partir plus loin le week-end, le Crouesty, Port Haliguen, Concarneau ou<\/strong><br><strong>Sainte Marine. Patrice am\u00e9liore le jeux de voile, le confort et devient essais plaisancier pilote NKE.<\/strong><\/p>\n<p><strong>Pour perfectionner ces connaissances techniques Patrice r\u00e9alise un stage AFPA de r\u00e9paration et entretien de bateau de plaisance et le permis c\u00f4tier et le CRR (pour la VHS la radio)<\/strong><\/p>\n<p><strong>Patrice est un passionn\u00e9 de Mer, avec sa tablette il surf sur tous se qui est bateau, surveille la m\u00e9t\u00e9o comme l&rsquo;huile sur le feu. Dans les ports ils aident les plaisanciers, ils discutent et fait de belles rencontres. Au fil du temps <\/strong><strong>de l&rsquo;eau de mer coule dans ses veines. Sa femme se passionnant aussi, c&rsquo;est d\u00e9cid\u00e9, la retraite se passera sur la mer.&nbsp;<\/strong><\/p>\n<\/div>\n<\/div>\n<\/div>\n<\/div>\n<\/div>\n<\/div>\n<\/div>\n<div class=\"h-row-container gutters-row-lg-2 gutters-row-md-2 gutters-row-0 gutters-row-v-lg-2 gutters-row-v-md-2 gutters-row-v-2 style-503 style-local-67-c8 position-relative\" style=\"text-align: center;\" data-colibri-id=\"67-c8\">\n<div class=\"h-row justify-content-lg-center justify-content-md-center justify-content-center align-items-lg-stretch align-items-md-stretch align-items-stretch gutters-col-lg-2 gutters-col-md-2 gutters-col-0 gutters-col-v-lg-2 gutters-col-v-md-2 gutters-col-v-2\">\n<div class=\"h-column h-column-container d-flex h-col-lg-auto h-col-md-auto h-col-auto style-504-outer style-local-67-c9-outer\">\n<div class=\"d-flex h-flex-basis h-column__inner h-ui-empty-state-container h-px-lg-2 h-px-md-2 h-px-2 v-inner-lg-2 v-inner-md-2 v-inner-2 style-504 style-local-67-c9 position-relative\" data-colibri-id=\"67-c9\">\n<div class=\"w-100 h-y-container h-column__content h-column__v-align flex-basis-100\">&nbsp;<\/div>\n<\/div>\n<\/div>\n<\/div>\n<\/div>\n<div class=\"h-row-container gutters-row-lg-2 gutters-row-md-2 gutters-row-0 gutters-row-v-lg-2 gutters-row-v-md-2 gutters-row-v-2 style-497 style-local-67-c11 position-relative\" style=\"text-align: center;\" data-colibri-id=\"67-c11\">\n<div class=\"h-row justify-content-lg-center justify-content-md-center justify-content-center align-items-lg-stretch align-items-md-stretch align-items-stretch gutters-col-lg-2 gutters-col-md-2 gutters-col-0 gutters-col-v-lg-2 gutters-col-v-md-2 gutters-col-v-2\">\n<div class=\"h-column h-column-container d-flex h-col-lg-auto h-col-md-auto h-col-auto style-498-outer style-local-67-c12-outer\">\n<div class=\"d-flex h-flex-basis h-column__inner h-ui-empty-state-container h-px-lg-2 h-px-md-2 h-px-2 v-inner-lg-2 v-inner-md-2 v-inner-2 style-498 style-local-67-c12 position-relative\" data-colibri-id=\"67-c12\">\n<h3 class=\"w-100 h-y-container h-column__content h-column__v-align flex-basis-100\">&nbsp;<\/h3>\n<\/div>\n<\/div>\n<\/div>\n<\/div>\n<\/div>\n<\/div>\n<div id=\"custom-2\" class=\"h-section h-section-global-spacing d-flex align-items-lg-center align-items-md-center align-items-center style-487 style-local-67-c14 position-relative\" data-colibri-component=\"section\" data-colibri-id=\"67-c14\">\n<div class=\"h-section-grid-container h-section-fluid-container\">\n<div class=\"h-row-container gutters-row-lg-2 gutters-row-md-2 gutters-row-0 gutters-row-v-lg-2 gutters-row-v-md-2 gutters-row-v-2 style-488 style-local-67-c15 position-relative\" data-colibri-id=\"67-c15\">\n<div class=\"h-row justify-content-lg-center justify-content-md-center justify-content-center align-items-lg-stretch align-items-md-stretch align-items-stretch gutters-col-lg-2 gutters-col-md-2 gutters-col-0 gutters-col-v-lg-2 gutters-col-v-md-2 gutters-col-v-2\">\n<div class=\"h-column h-column-container d-flex h-col-lg-auto h-col-md-auto h-col-auto style-489-outer style-local-67-c16-outer\">\n<div class=\"d-flex h-flex-basis h-column__inner h-ui-empty-state-container h-px-lg-2 h-px-md-2 h-px-2 v-inner-lg-2 v-inner-md-2 v-inner-2 style-489 style-local-67-c16 position-relative\" data-colibri-id=\"67-c16\">\n<div class=\"w-100 h-y-container h-column__content h-column__v-align flex-basis-100\" style=\"text-align: center;\">&nbsp;<\/div>\n<\/div>\n<\/div>\n<\/div>\n<\/div>\n<\/div>\n<\/div>\n<\/div>\n\n\n<h1 class=\"wp-block-heading\">Le PPN : Le Petit Personnel Naviguant<\/h1>\n\n\n\n<figure class=\"wp-block-image size-large is-resized\"><img loading=\"lazy\" decoding=\"async\" src=\"https:\/\/www.ar-men29.fr\/wp-content\/uploads\/2022\/01\/IMG_7168-768x1024.jpg\" alt=\"\" class=\"wp-image-225\" width=\"473\" height=\"630\" srcset=\"https:\/\/www.ar-men29.fr\/wp-content\/uploads\/2022\/01\/IMG_7168-768x1024.jpg 768w, https:\/\/www.ar-men29.fr\/wp-content\/uploads\/2022\/01\/IMG_7168-225x300.jpg 225w, https:\/\/www.ar-men29.fr\/wp-content\/uploads\/2022\/01\/IMG_7168-1152x1536.jpg 1152w, https:\/\/www.ar-men29.fr\/wp-content\/uploads\/2022\/01\/IMG_7168-1536x2048.jpg 1536w, https:\/\/www.ar-men29.fr\/wp-content\/uploads\/2022\/01\/IMG_7168-scaled.jpg 1920w\" sizes=\"auto, (max-width: 473px) 100vw, 473px\" \/><\/figure>\n\n\n\n<div class=\"wp-block-columns is-layout-flex wp-container-core-columns-is-layout-9d6595d7 wp-block-columns-is-layout-flex\">\n<div class=\"wp-block-column is-layout-flow wp-block-column-is-layout-flow\" style=\"flex-basis:100%\">\n<p class=\"has-medium-font-size\">Bernadette c&rsquo;est le PPN, le second indispensable du skippeur. Ancienne sportive qui aime vivre avec la Nature et ses \u00e9l\u00e9ments.<\/p>\n<\/div>\n<\/div>\n\n\n\n<p class=\"has-medium-font-size\">Pendant son adolescence elle a eu des cours sur optimiste,  caravelle sur le lac des Settons en Bourgogne. Cela \u00e9tait fort loin et naviguer sur la mer c&rsquo;est tr\u00e8s diff\u00e9rent. L&rsquo;apprentissage a \u00e9t\u00e9 difficile car le mal de mer \u00e9tait l\u00e0 aussi. Mais quand on veut naviguer on y mets les moyens. C&rsquo;est en tenant la barre de Horta (8.50) puis de Tan Oz (11m) et c&rsquo;est aussi en s&rsquo;int\u00e9ressant \u00e0 la navigation ; des sorties  l&rsquo;hivers avec des conditions de mer g\u00e9rable mais o\u00f9 on est malmen\u00e9 que l&rsquo;on arrive \u00e0 ma\u00eetriser plus ou moins le mal de mer sans prendre de m\u00e9dicaments. <\/p>\n\n\n\n<p class=\"has-medium-font-size\">Avec moi Bernadette n&rsquo;est pratiquement plus malade, elle arrive \u00e0 lire, cuisiner&#8230; Elle adore tenir la barre quand le vent adonne pour le plaisir.<\/p>\n\n\n\n<p class=\"has-medium-font-size\">Le monde de la plaisance dans les ann\u00e9es 1990 est celui des hommes. Peu de femmes naviguent l&rsquo;hivers m\u00eame pour faire la rade de Lorient  &#8211; Groix. ou Etel, Le  Crouesty, Concarneau&#8230; C&rsquo;est gr\u00e2ce \u00e0 Colette, Monique, Marie, Elise, Maguy et les skippeuses :  Catherine, Dominique, Anne, et autres rencontres que Bernadette a pers\u00e9v\u00e9r\u00e9. Que de bons moments pass\u00e9s ensemble.<\/p>\n\n\n\n<p class=\"has-medium-font-size\">C&rsquo;est elle qui g\u00e8re l&rsquo;administratif, le blog que Thomas a mis en place, monter des films , trouver des informations pour le voyage : les mouillages, l&rsquo;avitaillement, le gasoil, les d\u00e9couvertes \u00e0 faire&#8230; Internet est une mine d&rsquo;information et les blogs des voyageurs des mers aussi.<\/p>\n\n\n\n<p class=\"has-medium-font-size\">Bernadette est une grande liseuse qui aime cuisiner, coudre et broder. Le temps libre lui permettra enfin de r\u00e9aliser des aquarelles, un carnet de voyage. Elle est tr\u00e8s dou\u00e9e de ses mains. Sa curiosit\u00e9, sa capacit\u00e9 d&rsquo;adaptation, son accueil vous s\u00e9duira. Elle adore les rencontres.<\/p>\n\n\n\n<p class=\"has-medium-font-size\">Voil\u00e0 l&rsquo;\u00e9quipage de base.<\/p>\n\n\n\n<p class=\"has-large-font-size\"><strong>Mais voyager c&rsquo;est partager<\/strong><\/p>\n\n\n\n<p class=\"has-medium-font-size\">C&rsquo;est  le plaisir de naviguer avec l&rsquo;ancien propri\u00e9taire de Tan Oz Herv\u00e9 qui prendra le d\u00e9part avec nous pour Mad\u00e8re la premi\u00e8re escale et pour la transatlantique. Pour lui c&rsquo;est la cinqui\u00e8me.<\/p>\n\n\n\n<p class=\"has-medium-font-size\">Mais c&rsquo;est  \u00e9galement \u00eatre avec d&rsquo;autres bateaux ; Pouss\u00e9 par le vent et  tous ceux que l&rsquo;on rencontrera. On naviguera parfois ensemble, on se perdra et on se retrouvera.<\/p>\n\n\n\n<p class=\"has-medium-font-size\"> C&rsquo;est cela la mer.<\/p>\n\n\n\n<p class=\"has-medium-font-size\"><\/p>\n\n\n\n<p class=\"has-medium-font-size\"><\/p>\n\n\n\n<p><\/p>\n\n\n\n<p><\/p>\n\n\n\n<p><\/p>\n\n\n\n<p><\/p>\n\n\n\n<p><\/p>\n\n\n\n<p><\/p>\n\n\n\n<p><\/p>\n\n\n\n<p><\/p>\n\n\n\n<p><\/p>\n\n\n\n<p><\/p>\n\n\n\n<p><\/p>\n","protected":false},"excerpt":{"rendered":"<p>Le Capitaine &nbsp; &nbsp; Enfant il regardait passer les bateaux et r\u00eavait de naviguer. C&rsquo;est une annonce en 1990 de vente de bateau qu&rsquo;il a rencontr\u00e9 Jacques. Les navigations sur le first 42 de Jacques et la lecture des Gl\u00e9nans ont form\u00e9 le capitaine. En 1994 le travail de Bernadette l&#8217;emm\u00e8ne en Bretagne pr\u00e8s de [&hellip;]<\/p>\n","protected":false},"author":1,"featured_media":0,"parent":0,"menu_order":0,"comment_status":"closed","ping_status":"closed","template":"page-templates\/homepage.php","meta":{"footnotes":""},"class_list":["post-67","page","type-page","status-publish","hentry","entry"],"_links":{"self":[{"href":"https:\/\/www.ar-men29.fr\/index.php\/wp-json\/wp\/v2\/pages\/67","targetHints":{"allow":["GET"]}}],"collection":[{"href":"https:\/\/www.ar-men29.fr\/index.php\/wp-json\/wp\/v2\/pages"}],"about":[{"href":"https:\/\/www.ar-men29.fr\/index.php\/wp-json\/wp\/v2\/types\/page"}],"author":[{"embeddable":true,"href":"https:\/\/www.ar-men29.fr\/index.php\/wp-json\/wp\/v2\/users\/1"}],"replies":[{"embeddable":true,"href":"https:\/\/www.ar-men29.fr\/index.php\/wp-json\/wp\/v2\/comments?post=67"}],"version-history":[{"count":14,"href":"https:\/\/www.ar-men29.fr\/index.php\/wp-json\/wp\/v2\/pages\/67\/revisions"}],"predecessor-version":[{"id":687,"href":"https:\/\/www.ar-men29.fr\/index.php\/wp-json\/wp\/v2\/pages\/67\/revisions\/687"}],"wp:attachment":[{"href":"https:\/\/www.ar-men29.fr\/index.php\/wp-json\/wp\/v2\/media?parent=67"}],"curies":[{"name":"wp","href":"https:\/\/api.w.org\/{rel}","templated":true}]}}